247. Calculate the remainder when k is divided by -2*(-1 - -2) + 18.
14
Let s(i) be the third derivative of 7*i**5/30 + i**4/12 + i**3/6 - 2*i**2. Calculate the remainder when s(-2) is divided by (-438)/(-24) - (-4)/(-16).
17
Suppose -3*d - 8 = -128. Suppose -10*o = -14*o + d. What is the remainder when 57 is divided by o?
7
Suppose y = -11 - 5. Let w be ((-2)/(-3))/(2/87). Let m = w + y. What is the remainder when m is divided by 5?
3
Suppose -2*i = -7*i - 70. Let g = -2 - -4. Let o = g - i. Calculate the remainder when 45 is divided by o.
13
Suppose 18 = 4*b - b. Suppose 2*x - 4 = b. Suppose x*k - 4 = 61. What is the remainder when 24 is divided by k?
11
Suppose 303*y = 296*y + 175. What is the remainder when 49 is divided by y?
24
Let r(t) = 2*t - 16 - 3*t**2 + 12 + 2 + 7*t**3. Calculate the remainder when r(2) is divided by 24.
22
Suppose -c + 3*c - 5*r = 275, 0 = -3*r + 15. Suppose 3*k + 3*d - c = 0, -4*k + 2*k + 5*d + 65 = 0. What is the remainder when k is divided by 8?
5
Suppose -y + 37 = 4*r - 2, 118 = 2*y - 2*r. Suppose -2*v + y = 3*v. Let k = 467 - 425. Calculate the remainder when k is divided by v.
9
Suppose 31 = -4*c + 47. Let d(v) = 2*v**2 - 5*v + 11. Calculate the remainder when 65 is divided by d(c).
19
Suppose 16*z - 4178 + 898 = 0. What is the remainder when z is divided by 53?
46
Suppose 18*t = 17*t + 10. Calculate the remainder when 205/7 - 12/42 is divided by t.
9
Suppose 0 = 4*l + 2*r - 34, 5*r - 8*r = 4*l - 33. Suppose -c - 5*q = 1, 4*c - 3*q = 2*q + 71. What is the remainder when c is divided by l?
5
Suppose -14*y + 3*r = -16*y + 24, 3*r = 3*y - 21. Calculate the remainder when y is divided by 6.
3
Let q(s) = s**2 + 8*s - 151. Calculate the remainder when q(11) is divided by 34.
24
Suppose 4*m - 24 = 3*a, -3*a = -2*m + 6 + 6. Let o(d) = d**2 + d + 2. Calculate the remainder when m is divided by o(-2).
2
Let g(y) = y**3 + 2*y**2 + 2. Let w be g(-2). Suppose 0 = -2*k + 4 + w. Suppose -4*r + k*r = -39. What is the remainder when r is divided by 20?
19
Calculate the remainder when 57 is divided by 10*(176/20 - 8).
1
Suppose -u + 35 = 2*f - 0*u, u = -3. Let d = 30 - f. Calculate the remainder when 63 is divided by d.
8
What is the remainder when 243 is divided by 5*-1*(-558)/45?
57
Suppose -3*a - 44 = -2*a. Let b = a + 147. What is the remainder when b is divided by 15?
13
Suppose 13*a = 14*a - 3. What is the remainder when a*22 - (-1 - -5) is divided by 9?
8
Let w(h) = -h + 8. Let b be w(6). Suppose 4*s + 5*u = 5*s - 7, -b*s + 3*u = -28. Let z = 28 - s. What is the remainder when 20 is divided by z?
9
Suppose -3*c + 21 = 3*i, 1 = 5*i - 4. Let p be (c/18)/((-2)/6). Calculate the remainder when 34 is divided by p + (3 - (-5 + -2)).
7
Suppose 2*q + 18*j - 21*j - 62 = 0, 5*q + 2*j - 174 = 0. Calculate the remainder when 543 is divided by q.
33
Suppose 4*v + 747 = 871. Calculate the remainder when v is divided by 22.
9
Suppose 0 = -3*i + a - 2, 3*i + 18 = -a - 2*a. Let n(v) = 8*v - 1. What is the remainder when n(2) is divided by (i - (-6)/4)*-8?
3
Suppose 1039*y = 1041*y - 116. Calculate the remainder when y is divided by 19.
1
Let s(d) = -d**3 - 14*d**2 + 51*d + 24. What is the remainder when 110 is divided by s(-17)?
14
Let c = 30 - 0. Let a = -78 + c. Let m = a + 84. What is the remainder when 105 is divided by m?
33
Let r(p) = -27*p - 416. Calculate the remainder when 212 is divided by r(-17).
40
Suppose -69*m = -74*m + 700. What is the remainder when m is divided by 18?
14
Let b(f) = f - 6. Let q be b(-3). Let t be ((-91)/(-1))/((-9)/q). Calculate the remainder when 51 is divided by (2 - 3)/((-7)/t).
12
Let n(j) = 14*j - 70. Suppose -3*d - 2*d = 20. Let u(l) = 5*l - 23. Let x(g) = d*n(g) + 11*u(g). What is the remainder when x(0) is divided by 15?
12
Let c be (2/(-4))/(2/(-76)). Suppose 4*u - 75 = -c. Let p(k) = 3*k**2 + 4*k + 3. What is the remainder when p(4) is divided by u?
11
Let y(a) = 12*a - 15. Let z(o) = 1. Let w(s) = y(s) + 5*z(s). What is the remainder when 180 is divided by w(2)?
12
Let m = 17 + -8. Let q = 2 + m. Let k(p) = p**2 - 6*p + 2. Calculate the remainder when k(8) is divided by q.
7
Let i(o) = -44*o - 425. What is the remainder when 98 is divided by i(-10)?
8
Let b(s) = -s**3 + 5*s**2 - 3*s - 10. Let m be b(4). Calculate the remainder when 21 is divided by 1 + (-23)/m - 3/(-18).
1
Let m = 2 - -17. Calculate the remainder when m is divided by 6.
1
Let n(u) = u**2 - 7*u + 17. Let o be n(4). Calculate the remainder when 9 is divided by (8/(-60)*6)/((-1)/o).
1
Let d(t) = -t**3 + 5*t**2 - t. What is the remainder when d(4) is divided by 152/171 - 112/(-36)?
0
Let r(n) = -4*n**3 - 4*n - 6. What is the remainder when 135 is divided by r(-2)?
33
Suppose 2*x + 3*x - 170 = 0. What is the remainder when 79 is divided by x?
11
Suppose -1 = -3*b + 5. What is the remainder when 51 is divided by 15 + 14/7 + b + -1?
15
Suppose 4*x - 372 + 112 = 5*i, x - 2*i = 65. What is the remainder when x is divided by 16?
1
Let b(w) = -w**2 + 14*w - 4. What is the remainder when 22 is divided by b(13)?
4
Suppose 2*i + 71 = 5*g, 2*g - 3*g + 4*i + 7 = 0. Calculate the remainder when 53 is divided by g.
8
Let l(k) = 31*k**2 - 2*k - 2. Let o(y) = -15*y**2 + y + 1. Let s(n) = -3*l(n) - 7*o(n). What is the remainder when 22 is divided by s(-1)?
10
Suppose -2*k + 4 = 0, 2*k = 4*t + 112 - 1224. Calculate the remainder when t is divided by 20.
19
Let l(k) = 3*k + 6. Let q be l(-2). Suppose q = 2*z - 44 - 30. Let o(h) = -h**3 - 5*h**2 + 4*h + 1. Calculate the remainder when z is divided by o(-6).
11
Calculate the remainder when (46/(-3))/((-7)/21) - 3 is divided by 16.
11
Let l(y) = y**3 + 9*y**2 + 14*y - 5. Let z be l(-6). Suppose 5*t + u - 51 = 2*u, -2*t + z = u. Calculate the remainder when 49 is divided by t.
9
Suppose n + 3*n = 8. Let l be 1/3 + n/(-6). Suppose l*d = -3*d + 36. Calculate the remainder when 33 is divided by d.
9
Suppose 3*d - d = 24. Let a = 1859 - 1855. What is the remainder when d is divided by a?
0
Let g(u) = u**2 + 12*u - 20. Let k be g(-14). Suppose 0*s = -a - s + k, 0 = 2*s + 4. Suppose 8*j - 3*j - a = 0. Calculate the remainder when j is divided by 2.
0
Let d be 13 + (-5)/((-10)/4). Suppose -2*m - o + 58 = 0, m + 3*o - d = 14. Suppose -3*s - 2*s = -75. What is the remainder when m is divided by s?
14
Suppose -3018 + 852 = -38*f. Calculate the remainder when f is divided by 15.
12
Suppose 5*i = 2*u - 318, 3*i + 0*i = 5*u - 814. Suppose -3*t + u = t. What is the remainder when 79 is divided by t?
38
What is the remainder when (162/(-8))/(2094/528 + -4) is divided by 120?
114
Suppose 2*y + 49 = n - 46, 0 = 4*n + y - 353. Suppose -5*t + 396 + n = 0. Suppose 3*w - 256 + t = 0. Calculate the remainder when w is divided by 14.
11
Let p = 186 + -144. Calculate the remainder when 83 is divided by p.
41
Let c(i) = -i**3 + 54*i**2 - 51*i - 59. What is the remainder when 78 is divided by c(53)?
31
Let c be (-4)/(-10) - (-8)/(-20). Let n = c + 4. Let k(z) = -4*z - 10. Calculate the remainder when k(-4) is divided by n.
2
Suppose -14*p + 268 = 86. Suppose 4*v = -y + 101, 6*y + 95 = 5*v + y. What is the remainder when v is divided by p?
11
Let a be (-3)/(6/40) + 5. Let h = 27 - a. What is the remainder when 124 is divided by h?
40
Let f = 212 + -160. Calculate the remainder when f is divided by 15.
7
Let o = -311 - -399. Calculate the remainder when 345 is divided by o.
81
Suppose 5*c - 10*k = -5*k + 1765, 713 = 2*c + 5*k. What is the remainder when c is divided by 30?
24
Let d be 1/((-2)/40) + -2. Let y(v) = -6*v + 42. Calculate the remainder when 4/(-4)*d/2 is divided by y(6).
5
Let c be 1 - (3 + 2) - -154. Suppose -34 - c = -4*n. What is the remainder when n is divided by 10?
6
Let b = 2 - 4. Let o be (-8)/b + (-5 - 122). Let x = 192 + o. What is the remainder when x is divided by 10?
9
Suppose 2*b - 23 = -6*l + 5*l, 5*b - 64 = -3*l. Calculate the remainder when 48 is divided by l.
9
Let p = -305 + 321. Calculate the remainder when 126 is divided by p.
14
Let f(p) = -p**2 - 7*p - 4. Let w be f(-5). Suppose 2*i = -0*i, 2*i + w = 3*q. Let x = -88 + 93. Calculate the remainder when x is divided by q.
1
Let y(t) = 134*t - 27. What is the remainder when y(3) is divided by 27?
24
Suppose 55*g - 54*g = 16. What is the remain